 44).
64
What is the value of 44 + (-17 - 26) + 33 + 3?
37
What is the value of (0 - 20 - (-45 - -8)) + -12 + (-1 - -121)?
125
What is the value of (2 - ((9 - 11) + 10) - -3) + 15 + -6?
6
What is the value of (-41 - -1) + 3 - (1142 - 1056)?
-123
What is 171 - (120 + -69) - 69?
51
Calculate -5 - (-40 - (-20 + 13 + 5 + 3)).
36
Calculate -33 + 47 + 97 + -43.
68
Evaluate -6 + -81 + 9 + 4 + 10.
-64
94 + -153 - (-162 - -236)
-133
What is -18 - (-12 + 0 + (12 - -8)) - (3 - 7)?
-22
Calculate (-28 - -8) + (11 - 57) - (3 + 0 + -7).
-62
Evaluate -2 + (3 - 17) - (-1463 - -1478).
-31
What is the value of -329 + 347 - ((0 - -1) + 0 + (3 - 0))?
14
Calculate -35 + 1 - ((7 - (-14 + 3)) + -9).
-43
What is the value of 627 + -674 + (-1 - -25)?
-23
Evaluate 33 - 87 - (2 - 10).
-46
Evaluate 16 - (15 - (18 + 12)).
31
What is the value of (32 - 21 - (-35 + (-9 - -16))) + -1?
38
Evaluate -103 + 161 + -124 - (2 - 7).
-61
(-6 - -3) + 14 + -13 + 56 + 11
65
What is the value of 508 + -266 + -233 + (-1 - 84)?
-76
What is the value of 326 + -105 + -98 - (15 + (0 - 0))?
108
What is -880 - -830 - (-6 + -1)?
-43
What is 1 - (-9 - (11 + (-10 - -14 - 2)))?
23
-44 - (14 - (30 - -5))
-23
What is the value of 7 - (-1 + -3 + -2 + (64 - 48))?
-3
Evaluate (-14 - 7) + 13 + (1 - -17 - 8) + -114.
-112
Evaluate 17 + (59 + -26 - 66 - -99).
83
What is the value of 65 - -66 - 80 - -29?
80
What is -13 - (-25 + 2 + -90 + (32 - -15))?
53
Evaluate (-1489 - -1525) + (0 - -1).
37
66 - (40 - (-8 - (-24 + 19)))
23
(-15 - (-6 - (-4 - -14))) + -8 + 56 + -8
41
-7 + (65 - 75) + (-2 - 14) + 6
-27
Evaluate 64 + -12 - (-105 - -98).
59
What is the value of -65 + 38 + -20 - (-1 - -16)?
-62
Calculate -6 - (659 - 690 - (-1 + 78)).
102
(-17 + 7 - 7) + -2 + 0
-19
What is the value of (9 - (27 - (6 + 6))) + 9 - 9?
-6
What is the value of 32 + (4 - ((-31 - -43) + (-5 - 11)))?
40
Evaluate (-2 - -12) + -12 - (38 + 12).
-52
What is the value of (-5 + 6 - 11 - 15 - (1 - 7)) + 7?
-12
Evaluate -1 - -1 - (0 - (0 + -32 + 228 + -221)).
-25
Evaluate 21 + (-23 - 4) + 0.
-6
Evaluate -11 + 14 + 6 + -10 + (68 - 97).
-30
What is -1 + (9 - 8) - (-7 + -93 + (34 - 44))?
110
What is (2 + -3 - (-20 - (-9 - 3))) + -1 + 6?
12
-8 + -42 + 48 + (-5 - (5 + -72))
60
Calculate (-5 - (20 + 9 + -63)) + -10.
19
Evaluate 27 + 1 + 3 - (1257 - 1270).
44
Calculate 1 + -2 + 69 - (37435 - 37417).
50
-11 + 32 - (35 + -12) - (76 - 2)
-76
Calculate 4 + -6 + 23 + 1106 + -1152.
-25
(29 - (-29 + 28)) + -61 - 7
-38
Calculate 8 - 13 - 0 - -10 - (-78 + 27 + 3).
53
Evaluate 40 + (-20 - 17) + -8 + (2 - -45) + 3.
45
Evaluate 15 - ((-10 - (4 + (-5 - -8) + -6)) + 15).
11
What is the value of (6 - 3) + (50 + -55 - (33 + 1))?
-36
-14 - ((1 - -3) + 9 - (106 + (6 - 3)))
82
Calculate 21 - (101 + 12) - (2 + 0 + (5 - -1)).
-100
What is 23 + (10 - (58 - (-1 + -13 + 33)))?
-6
Evaluate 33 + (33 - 57) + -9 + 0.
0
What is the value of (-45 - -8) + (-13 + 1 - (-5 - 0))?
-44
52 - (24 - (28 - (-2 + 21)))
37
Evaluate 17 - ((-126 - -211) + -21 + 0).
-47
Calculate -5 + (32 - (-23 + 46)) + -96.
-92
What is the value of 258 - 229 - (94 + -20)?
-45
Evaluate -20 + 6 + (22 + -3 - 10) + 46 + -2.
39
What is the value of 2175 - 2167 - (2 + -5 - 0 - -65)?
-54
Calculate (-18 + 6 - (-2 - -39)) + 0 + -10.
-59
(1513 + -1542 - (-28 - -1)) + (-1 - -24)
21
18 + -31 + 6 - (-45 + (6 - 3) + 0)
35
-7 + (-9 - (-16 - -13 - (-1 + 2)))
-12
(0 - (-6 + -19 + 37 + -3)) + (1 - 25)
-33
What is -49 + 29 + (-10 + 3 + 0 - -82)?
55
Calculate (-25 - (-5 - -32 - 26)) + 9.
-17
Calculate -11 + 8 + 40 + -66.
-29
What is (-20 + (-21 - 34) - -17) + -3?
-61
What is the value of 95188 - 95182 - (156 - -1 - (-3 + 1))?
-153
Evaluate 7 + (-9 - (-2 + -8 + -1 + -1)).
10
Calculate -1 + 52 - (2628 - 2571).
-6
What is -1 - -60 - 4 - -4 - (-288 + 299)?
48
Calculate -8 + 9 - 91 - (6 + -28 - -5).
-73
Calculate (45 - -403) + -439 - (0 + 1 + 0).
8
What is 81 - (-71 - -117) - 20 - (0 + 0 - -3)?
12
What is 55 + 3 - (-13 + 29 + -8)?
50
11 + (-4 - -1 - 8) + (-2 - 34)
-36
Evaluate -18 - (16 - (1 - -11)) - -21.
-1
10 - (37 + 10 + 5 + -15 - (3 - 1))
-25
Evaluate -10530 + 10626 + (-217 - 0).
-121
Calculate (34 - (-10 + -59)) + -65.
38
Calculate 42 - 19 - (-27 + 16 - -15).
19
Evaluate 105 + ((0 - 71) + 62 - (-16 - 1)).
113
What is -121 + -104 - -210 - (-12 - (-2 + 3))?
-2
-4 + (1 - -2) + -7 + 10 - -16
18
Evaluate -40 - -101 - (26 + 11 + -9).
33
-28 - (-36 + -22) - (23 - -12)
-5
What is -25 - ((-14 - (4 + 1)) + 44)?
-50
What is the value of -119 + 34 + (-3 - 20) + 0 + (-10 - -4)?
-114
What is (-54 - (-39 + 44)) + 24?
-35
What is 186 + -165 + 7 + -43?
-15
What is (-562 - -600) + (-1 + 3 - 19)?
21
9 + (-8 - (8 + -10 - -1)) + -36
-34
Evaluate 56 - (-95 - (-7 + -74)).
70
What is the value of 12 - (8 - (-11 - (1 + -13)))?
5
What is -5 - (-69 + 7 + 53)?
4
What is the value of (53 - -56) + -60 - (0 + 12 - -1)?
36
What is the value of 3291 - 3250 - (162 - 1 - 2)?
-118
What is -13 + 13 + 12 + (-21 - -4) + 6 + -63?
-62
What is the value of (-26 - -4 - (19 - 1)) + 0?
-40
What is the value of (-98 - (-58 + -4)) + 65?
29
Calculate 2 + -4 + 117 + -60 + (-93 - -132).
94
What is 4 + -32 + (-18 + 4 - (-41 + 25))?
-26
5 + (-67 + 2 - (-9 - (24 + -35)))
-62
Evaluate -2 + -7 + (29 - 10) - 4.
6
What is (-14 + (1 - -7) - (-2 + 7)) + -29?
-40
What is -10 - (26 + -13 + -1 + (-7 - (-2 + 1)))?
-16
What is -42 - -81 - 58 - 23?
-42
What is -17 + -62 + 37 + 75?
33
Evaluate 2 + (-124 - -4) + 35 + -7.
-90
Calculate 9 - 2 - (-3 + -3 - (-28 + 79 + -39)).
25
What is the value of -376 + 245 + (11 - 6)?
-126
Calculate (42 - (-48 + 22)) + -45.
23
Evaluate 22 - -2 - (-60 + 116).
-32
Evaluate (-52 - -6) + (-672 - -744).
26
What is the value of 10 + -7 + -1 + -6 - (52 - 37)?
-19
(-9 + (7 - -8 - -6) - (-2 - -7)) + -21
-14
What is the value of (41 + 8 - 49) + 31 + 3?
34
What is 45 + -52 + (-99 - 1)?
-107
(8 + 4 - (74 + -67)) + 0
5
Calculate 118 + -1 - (-3299 + 3356).
60
What is the value of (-20 - 12) + (-93 - -70 - -5)?
-50
(92 - 138) + -4 + 3
-47
What is 34 - (-44 - (20 - 65))?
33
Evaluate -288 + 343 + -93 + -5.
-43
Calculate -61 - (56 + -73) - 16.
-60
What is -13 + -52 + 20 - -64?
19
What is -1 + -2 + 20 + 14 + -21?
10
Calculate 77 - 26 - (-52 + 44 + (8 - 0)).
51
What is the value of (-96 - -96) + (2 - 0) + (14 - -21)?
37
120 + -27 - (-23 + 5 + 32)
79
-4 + 2 + -5 - (-20 - -8 - 43)
48
What is -3 + (-68 - (-4 - -7) - (92 - 111))?
-55
9 - (5 - 66 - -15)
55
What is -22 + -38 + -1 - (0 - (6 - -2))?
-53
Evaluate (-43 - (17 - 16)) + (-33 - -27).
-50
Calculate -14 + (66 - (-62 - -128)).
-14
What is the value of (27 - (-2 - -15)) + -30 - -1?
-15
Evaluate -13832 + 13975 + (8 + -6 - (0 + -6)).
151
Evaluate 21 - (-1 + -1 + 21 - (-5400 - -5412)).
14
Calculate (42 + 14 + 2 + -12 - (-1 - 6)) + -5.
48
What is 1 + (-16 - 7) - (36 - (148 + 6))?
96
What is the value of 14 + (5 - -20 - 101) - (-3 - -12)?
-71
What is (47147 - 47189) + ((0 - -1) + -1 - -10)?
-32
What is the value of -22 + (20 + -17 - -18) + -36?
-37
Calculate 16 - (0 + 4 + -2) - (5313 - 5344).
45
What is -31 + 12 - (-222 + 175)?
28
Evaluate 41 - -19 - 25 - (-44 - -68).
11
What is (-31 - -13 - (24 - 10)) + 4?
-28
What is (24 - -48) + -160 + 11?
-77
What is the value of -21 + (-47 - -55) + 37?
24
What is the value of 199 - (35 + 76 + -3)?
91
Evaluate (-23 + -5 - (-94 - -81)) + -11.
-26
-4 - ((-1 - 25) + -8 + 11 + 32 + -44)
31
28 - (1 + -10 + 6 - -8)
23
Calculate -131 + 16 + 21 + (-19 - -6 - 21).
-128
Evaluate -52 + -94 + 53 + 0.
-93
What is -19 + 15 - 9 - (-48 - -67)?
-32
What is the value of 31 - (59 + -30) - ((-4 - -13 - 5) + -16)?
14
Calculate (29 - (-51 + 51)) + 8.
37
Evaluate 59 + (-16 - 54 - 52).
-63
-52 + 2 + 25 + 21 + -48
-52
What is the value of (1 - 27) + 2 + (-22 - -78)?
32
What is (1 - 20) + (-19 - -19) + 88?
69
Evaluate (-68 - -32) + 21 - (-3 - (-1 - 0)).
-13
-6 + (-8 - -3 - (-29 + 28)) + -38
-48
Evaluate -2 + (2 - 0) - (7 - (11 + 11)).
15
2 - (-51 + 20) - 2
31
Evaluate 22 + -9 + (-10 - (-2 + 9 + -11 + -65)).
72
Calculate 41 + -3 + (-1 - (42 - 26)).
21
Calculate -30 - (-78 - (56 - 68)).
36
(3 - -2) + 2 + -37 + (43 - 42)
-29
Calculate 42 - (30 - -9) - 54.
-51
0 + 16 + 0 + (-104 + 110 - -4)
26
-14 - (12 - (10 - 0)) - (-2 + -11 - -3)
-6
What is -1 + 60 + (5 - 13 - -2) - -5?
58
What is the value of 46 - 39 - (9 - (2 - (20 - 11